{"id":1815,"date":"2022-10-09T20:20:30","date_gmt":"2022-10-09T18:20:30","guid":{"rendered":"http:\/\/sp22.pl\/nowa\/?page_id=1815"},"modified":"2025-10-04T10:57:56","modified_gmt":"2025-10-04T08:57:56","slug":"rada-rodzicow-konkurs","status":"publish","type":"page","link":"https:\/\/sp22.pl\/nowa\/index.php\/strefa-rodzica\/rada-rodzicow\/rada-rodzicow-konkurs\/","title":{"rendered":"Rada Rodzic\u00f3w &#8211; Konkurs"},"content":{"rendered":"<p><span style=\"color: #000000;\"><strong>Rada Rodzic\u00f3w Szko\u0142y Podstawowej nr 22 zaprasza do wzi\u0119cia udzia\u0142u w konkursie na<\/strong><\/span><\/p>\n<p><span style=\"color: #000000;\"><strong>\u201eNajwy\u017csze wp\u0142aty na fundusz Rady Rodzic\u00f3w\u201d<\/strong><\/span><\/p>\n<p><span style=\"color: #000000;\">&nbsp;Regulamin konkursu:<\/span><\/p>\n<p><span style=\"color: #000000;\">1. Konkurs skierowany jest do wszystkich Uczni\u00f3w Szko\u0142y Podstawowej ich Rodzic\u00f3w oraz Opiekun\u00f3w.<\/span><\/p>\n<p><span style=\"color: #000000;\">2. Do konkursu przyst\u0119puj\u0105 poszczeg\u00f3lne klasy wp\u0142acaj\u0105c pieni\u0105dze.<\/span><\/p>\n<p><span style=\"color: #000000;\">3. Celem konkursu jest zach\u0119cenie Rodzic\u00f3w i Uczni\u00f3w do przekazywania dobrowolnych wp\u0142at na fundusz Rady Rodzic\u00f3w oraz ewidencja wszystkich \u015brodk\u00f3w wp\u0142acanych przez Rodzic\u00f3w na potrzeby poszczeg\u00f3lnych klas i szko\u0142y.<\/span><\/p>\n<p><span style=\"color: #000000;\">4. Konkurs polega na zebraniu w poszczeg\u00f3lnych klasach \u015brodk\u00f3w pieni\u0119\u017cnych i przekazanie ich na fundusz Rady Rodzic\u00f3w. Ocenie b\u0119dzie podlega\u0107 kwota zebranych \u015brodk\u00f3w wyliczona na jednego ucznia w danej klasie (suma wp\u0142at\/liczb\u0119 uczni\u00f3w w klasie) oraz ilo\u015b\u0107 wp\u0142at w stosunku do liczby uczni\u00f3w.<\/span><\/p>\n<p><span style=\"color: #000000;\">5. Wp\u0142at mo\u017cna dokonywa\u0107 w nast\u0119puj\u0105cy spos\u00f3b:<\/span><\/p>\n<p><span style=\"color: #000000;\">\u2013 przelewem na konto bankowe Rady Rodzic\u00f3w&nbsp;<\/span><\/p>\n<p><span style=\"color: #000000;\">&nbsp;<strong>67 2030 0045 1110 0000 0015 9240<\/strong><\/span><\/p>\n<p><span style=\"color: #000000;\">6. Konkurs trwa od 1 pa\u017adziernika 2025r. do 1 czerwca 2026r.<\/span><\/p>\n<p><span style=\"color: #000000;\">7. Nagrod\u0105 w konkursie s\u0105 \u015brodki pieni\u0119\u017cne, kt\u00f3re klasa mo\u017ce przeznaczy\u0107 na cele klasowe, np. wyjazd do kina lub teatru, dofinansowanie wycieczki itp.<\/span><\/p>\n<p><span style=\"color: #000000;\">8. Nagrod\u0119 otrzyma klasa, kt\u00f3ra zbierze najwi\u0119cej \u015brodk\u00f3w w przeliczeniu na jednego ucznia. Rada Rodzic\u00f3w mo\u017ce przyzna\u0107 wyr\u00f3\u017cnienie dla klas, kt\u00f3re b\u0119d\u0105 mia\u0142y najwi\u0119ksz\u0105 frekwencj\u0119 wp\u0142at.<\/span><\/p>\n<p><span style=\"color: #000000;\">9. Wysoko\u015b\u0107 przyznanej nagrody ustalana jest przez Rad\u0119 Rodzic\u00f3w w zale\u017cno\u015bci od dost\u0119pnych \u015brodk\u00f3w finansowych w danym roku szkolnym.<\/span><\/p>\n<p><span style=\"color: #000000;\">Zach\u0119cam do udzia\u0142u w konkursie.<\/span><\/p>\n<p><span style=\"color: #000000;\">Przewodnicz\u0105cy Szkolnej Rady Rodzic\u00f3w<\/span><\/p>\n<p><span style=\"color: #000000;\">Przemys\u0142aw Zieli\u0144ski&nbsp;<\/span><\/p>\n<p>&nbsp;<\/p>\n","protected":false},"excerpt":{"rendered":"<p>&#46;&#46;&#46;<\/p>\n","protected":false},"author":1,"featured_media":0,"parent":1716,"menu_order":0,"comment_status":"closed","ping_status":"closed","template":"","meta":{"ngg_post_thumbnail":0,"footnotes":""},"class_list":["post-1815","page","type-page","status-publish","hentry"],"_links":{"self":[{"href":"https:\/\/sp22.pl\/nowa\/index.php\/wp-json\/wp\/v2\/pages\/1815","targetHints":{"allow":["GET"]}}],"collection":[{"href":"https:\/\/sp22.pl\/nowa\/index.php\/wp-json\/wp\/v2\/pages"}],"about":[{"href":"https:\/\/sp22.pl\/nowa\/index.php\/wp-json\/wp\/v2\/types\/page"}],"author":[{"embeddable":true,"href":"https:\/\/sp22.pl\/nowa\/index.php\/wp-json\/wp\/v2\/users\/1"}],"replies":[{"embeddable":true,"href":"https:\/\/sp22.pl\/nowa\/index.php\/wp-json\/wp\/v2\/comments?post=1815"}],"version-history":[{"count":11,"href":"https:\/\/sp22.pl\/nowa\/index.php\/wp-json\/wp\/v2\/pages\/1815\/revisions"}],"predecessor-version":[{"id":11639,"href":"https:\/\/sp22.pl\/nowa\/index.php\/wp-json\/wp\/v2\/pages\/1815\/revisions\/11639"}],"up":[{"embeddable":true,"href":"https:\/\/sp22.pl\/nowa\/index.php\/wp-json\/wp\/v2\/pages\/1716"}],"wp:attachment":[{"href":"https:\/\/sp22.pl\/nowa\/index.php\/wp-json\/wp\/v2\/media?parent=1815"}],"curies":[{"name":"wp","href":"https:\/\/api.w.org\/{rel}","templated":true}]}}