{"id":12179,"date":"2025-10-30T03:52:20","date_gmt":"2025-10-30T02:52:20","guid":{"rendered":"https:\/\/sp22.pl\/nowa\/?page_id=12179"},"modified":"2025-12-05T07:37:20","modified_gmt":"2025-12-05T06:37:20","slug":"rzadowy-program-ograniczania-przestepczosci","status":"publish","type":"page","link":"https:\/\/sp22.pl\/nowa\/index.php\/rzadowy-program-ograniczania-przestepczosci\/","title":{"rendered":"RZ\u0104DOWY PROGRAM OGRANICZANIA PRZEST\u0118PCZO\u015aCI I ASPO\u0141ECZNYCH ZACHOWA\u0143 ,,RAZEM BEZPIECZNIEJ&#8221;"},"content":{"rendered":"<p><img loading=\"lazy\" decoding=\"async\" class=\"alignnone wp-image-12139 aligncenter\" src=\"https:\/\/sp22.pl\/nowa\/wp-content\/uploads\/2025\/10\/logo_programu_razem_bezpieczniej.png\" alt=\"\" width=\"407\" height=\"172\" srcset=\"https:\/\/sp22.pl\/nowa\/wp-content\/uploads\/2025\/10\/logo_programu_razem_bezpieczniej.png 346w, https:\/\/sp22.pl\/nowa\/wp-content\/uploads\/2025\/10\/logo_programu_razem_bezpieczniej-300x127.png 300w\" sizes=\"auto, (max-width: 407px) 100vw, 407px\" \/><\/p>\n<p><img loading=\"lazy\" decoding=\"async\" class=\"wp-image-12804 aligncenter\" src=\"https:\/\/sp22.pl\/nowa\/wp-content\/uploads\/2025\/12\/logo_program_rzadowy_1_2025_202_maly.jpg\" alt=\"\" width=\"411\" height=\"581\" srcset=\"https:\/\/sp22.pl\/nowa\/wp-content\/uploads\/2025\/12\/logo_program_rzadowy_1_2025_202_maly.jpg 724w, https:\/\/sp22.pl\/nowa\/wp-content\/uploads\/2025\/12\/logo_program_rzadowy_1_2025_202_maly-212x300.jpg 212w\" sizes=\"auto, (max-width: 411px) 100vw, 411px\" \/><\/p>\n<p>&nbsp;<\/p>\n<p style=\"text-align: center;\"><span style=\"color: #0944ab;\"><strong>,,PROJEKT EDUKACYJNY &#8211; \u017bYJEMY \u015aWIADOMIE, AKTYWNIE I BEZPIECZNIE W \u015aWIECIE PE\u0141NYM ZAGRO\u017bE\u0143&#8221; <\/strong><\/span><\/p>\n<p style=\"text-align: center;\"><span style=\"color: #0944ab;\"><strong>WSP\u00d3\u0141FINANSOWANY W RAMACH <\/strong><\/span><\/p>\n<p style=\"text-align: center;\"><span style=\"color: #0944ab;\"><strong>,,RZ\u0104DOWEGO PROGRAMU OGRANICZANIA PRZEST\u0118PCZO\u015aCI I ASPO\u0141ECZNYCH ZACHOWA\u0143 RAZEM BEZPIECZNIEJ <\/strong><\/span><\/p>\n<p style=\"text-align: center;\"><span style=\"color: #0944ab;\"><strong>NA LATA 2025 &#8211; 2028&#8243;<\/strong><\/span><\/p>\n<hr>\n<p><span style=\"color: #339966;\"><strong>I. AKTYWNO\u015aCI W ZAKRESIE BEZPIECZNEJ DROGI DO I POWROTU DZIECKA ZE SZKO\u0141Y<\/strong><\/span><\/p>\n<p><span style=\"color: #000000;\"><strong>\u2666 Spotkania najm\u0142odszych uczni\u00f3w z policjantem i funkcjonariuszem Stra\u017cy Miejskiej w ramach szkolenia dotycz\u0105cego bezpiecze\u0144stwa w ruchu drogowym.<\/strong><\/span><\/p>\n<p style=\"text-align: left;\"><span style=\"color: #000000;\">W klasach pierwszych odby\u0142y si\u0119 spotkania z policjantem, kt\u00f3ry przestrzega\u0142 uczni\u00f3w przed niepo\u017c\u0105danymi zachowaniami, jakie mog\u0105 nie\u015b\u0107 zagro\u017cenie dla ich zdrowia i \u017cycia. Funkcjonariusze Stra\u017cy Miejskiej natomiast przeprowadzili z najm\u0142odszymi uczniami kr\u00f3tkie pogadanki dotycz\u0105ce bezpiecze\u0144stwa w ruchu drogowym. Zwr\u00f3cili uwag\u0119 uczni\u00f3w doje\u017cd\u017caj\u0105cych do szko\u0142y na konieczno\u015b\u0107 stosowania pas\u00f3w bezpiecze\u0144stwa, kt\u00f3re chroni\u0105 zdrowie i \u017cycie&nbsp;&nbsp; w chwili wypadku. Dzieciaki z wielk\u0105 ch\u0119ci\u0105 kolorowa\u0142y ilustracje bezpiecznych zachowa\u0144 w ksi\u0105\u017ceczkach, kt\u00f3re otrzyma\u0142y po zako\u0144czonych zaj\u0119ciach.<\/span><\/p>\n<ul>\n<li><span style=\"color: #000000;\"><a style=\"color: #000000;\" href=\"https:\/\/sp22.pl\/nowa\/index.php\/2025\/10\/08\/spotkanie-z-policjantem\/\">Fotorelacja &#8211;&nbsp; spotkanie z policjantem&nbsp;&nbsp;<\/a><\/span><\/li>\n<li><span style=\"color: #000000;\"><a style=\"color: #000000;\" href=\"https:\/\/sp22.pl\/nowa\/index.php\/2025\/11\/07\/spotkanie-z-funkcjonariuszami-strazy-miejskiej\/\">Fotorelacja &#8211; spotkanie z funkcjonariuszami Stra\u017cy Miejskiej<\/a><\/span><\/li>\n<\/ul>\n<p><strong><span style=\"color: #000000;\">\u2666 Konkurs plastyczny ,,Bezpieczna droga do szko\u0142y&#8221;.<\/span><\/strong><\/p>\n<ul>\n<li><a href=\"https:\/\/sp22.pl\/nowa\/index.php\/2025\/11\/07\/rozstrzygniecie-konkursu-plastycznego-bezpieczna-droga-do-szkoly\/\"><span style=\"color: #000000;\">Relacja z konkursu&nbsp;<\/span><\/a><\/li>\n<\/ul>\n<p>&nbsp;<\/p>\n<p>&nbsp;<\/p>\n<hr>\n<p><strong><span style=\"color: #339966;\">II. AKTYWNO\u015aCI W ZAKRESIE CYBERBEZPIECZE\u0143STWA<\/span><\/strong><\/p>\n<p><strong><span style=\"color: #000000;\">\u2666 Szkolne obchody \u015awiatowego Dnia Zapobiegania Samob\u00f3jstwom.<\/span><\/strong><\/p>\n<p><span style=\"color: #000000;\">Z okazji \u015awiatowego Dnia Zapobiegania Samob\u00f3jstwom, kt\u00f3ry obchodzony jest 10 wrze\u015bnia, w naszej Szkole przygotowano prezentacje multimedialne dotycz\u0105ce profilaktyki kryzys\u00f3w emocjonalnych i dbania o zdrowie psychiczne.<\/span><\/p>\n<ul>\n<li><span style=\"color: #000000;\"><a style=\"color: #000000;\" href=\"https:\/\/sp22.pl\/nowa\/index.php\/2025\/09\/10\/swiatowy-dzien-zapobiegania-samobojstwom\/\">Relacja z przedsi\u0119wzi\u0119cia&nbsp;<\/a><\/span><\/li>\n<li><a href=\"https:\/\/sp22.pl\/nowa\/wp-content\/uploads\/Pliki\/Do_pobrania_static\/Tworzenie%20strony%20www\/Dokumenty%20szkolne\/Przeciwdzia%C5%82anie%20samob%C3%B3jstwom%20i%20wykluczeniu%20spo%C5%82ecznemu_prezentacja.pdf\"><span style=\"color: #000000;\">Prezentacja &#8222;Przeciwdzia\u0142anie samob\u00f3jstwom i wykluczeniu spo\u0142ecznemu&#8221;<\/span><\/a><\/li>\n<\/ul>\n<p><strong><span style=\"color: #000000;\">\u2666 \u015awiatowy Dzie\u0144 Zdrowia Psychicznego.<\/span><\/strong><\/p>\n<p><span style=\"color: #000000;\">Na szkolnych korytarzach pojawi\u0142y si\u0119 gazetki tematyczne podkre\u015blaj\u0105ce konieczno\u015b\u0107 dbania o zdrowie nie tylko w wymiarze fizycznym, ale tak\u017ce psychicznym oraz numery telefon\u00f3w dla os\u00f3b znajduj\u0105cych si\u0119 w kryzysie zdrowia psychicznego.<\/span><\/p>\n<ul>\n<li><a href=\"https:\/\/sp22.pl\/nowa\/index.php\/2025\/10\/13\/dzien-zdrowia-psychicznego-w-naszej-szkole\/\"><span style=\"color: #000000;\">Relacja z przedsi\u0119wzi\u0119cia<\/span><\/a><\/li>\n<\/ul>\n<p><strong><span style=\"color: #000000;\">\u2666 Zaj\u0119cia profilaktyczne dla uczni\u00f3w klas 4 &#8211; 8 na temat zachowa\u0144 ryzykownych w sieci.<\/span><\/strong><\/p>\n<p><span style=\"color: #000000;\">,,Jak si\u0119 nie zapl\u0105ta\u0107 w sieci?&#8221; &#8211; pod takim has\u0142em odby\u0142y si\u0119 dla uczni\u00f3w klas czwartych zaj\u0119cia profilaktyczne dotycz\u0105ce zagro\u017ce\u0144 w sieci.<\/span><\/p>\n<ul>\n<li><a href=\"https:\/\/sp22.pl\/nowa\/index.php\/2025\/09\/14\/jak-sie-nie-zaplatac-w-sieci-zajecia-dla-uczniow-klas-iv\/\"><span style=\"color: #000000;\">Relacja z wydarzenia&nbsp;<\/span><\/a><\/li>\n<\/ul>\n<p>&nbsp;<\/p>\n<p>&nbsp;<\/p>\n<hr>\n<p><strong><span style=\"color: #339966;\">III. AKTYWNO\u015aCI MAJ\u0104CE NA CELU PODNIESIENIE DOBROSTANU DZIECKA W SZKOLE<\/span><\/strong><\/p>\n<p><strong><span style=\"color: #000000;\">\u2666 Szkolne obchody \u015awiatowego Dnia Pierwszej Pomocy.<\/span><\/strong><\/p>\n<p><span style=\"color: #000000;\">Podczas zaj\u0119\u0107 uczniowie mieli okazj\u0119 przypomnie\u0107 sobie, jak wa\u017cne jest szybkie i skuteczne dzia\u0142anie w sytuacjach zagro\u017cenia.<\/span><\/p>\n<ul>\n<li><a href=\"https:\/\/sp22.pl\/nowa\/index.php\/2025\/09\/29\/swiatowy-dzien-pierwszej-pomocy\/\"><span style=\"color: #000000;\">Relacja z wydarzenia&nbsp;<\/span><\/a><\/li>\n<\/ul>\n<p><strong><span style=\"color: #000000;\">\u2666 ,,Moja droga do zdrowia&#8221; &#8211; pod takim has\u0142em odby\u0142y si\u0119 zaj\u0119cia zorganizowane dla uczni\u00f3w w ramach \u015awiatowego Dnia Profilaktyki.&nbsp;<\/span><\/strong><\/p>\n<ul>\n<li><a href=\"https:\/\/sp22.pl\/nowa\/index.php\/2025\/11\/07\/swiatowy-dzien-profilaktyki-moja-droga-do-zdrowia\/\"><span style=\"color: #000000;\">Fotorelacja z wydarzenia<\/span><\/a><\/li>\n<\/ul>\n<p><strong><span style=\"color: #000000;\">\u2666 Pysznie, zdrowo i weso\u0142o &#8211; warsztaty kulinarne dla uczni\u00f3w klas 1-3.<\/span><\/strong><\/p>\n<p><span style=\"color: #000000;\">Podczas warsztat\u00f3w kulinarnych, organizowanych z pomoc\u0105 dietetyka, dzieci przekona\u0142y si\u0119, \u017ce gotowanie mo\u017ce by\u0107 \u015bwietn\u0105 zabaw\u0105, a jedzenie nie musi by\u0107 nudne.<\/span><\/p>\n<ul>\n<li><a href=\"https:\/\/sp22.pl\/nowa\/index.php\/2025\/11\/16\/pysznie-zdrowo-i-wesolo-warsztaty-kulinarne-klas-i-iii\/\"><span style=\"color: #000000;\">Fotorelacja z warsztat\u00f3w<\/span><\/a><\/li>\n<\/ul>\n<p><strong><span style=\"color: #000000;\">\u2666 Zaj\u0119cia socjoterapeutyczne w klasach 4-8<\/span><\/strong><\/p>\n<p><span style=\"color: #000000;\">,,\u017byjemy zdrowo, \u015bwiadomie i bezpiecznie w \u015bwiecie pe\u0142nym zagro\u017ce\u0144&#8221; &#8211; pod takim has\u0142em odby\u0142y si\u0119 zaj\u0119cia dla uczni\u00f3w przeprowadzone przez psycholog\u00f3w Centrum Psychoedukacyjnego ,,Nowa Perspektywa&#8221;.<\/span><\/p>\n<ul>\n<li><span style=\"color: #000000;\"><a style=\"color: #000000;\" href=\"https:\/\/sp22.pl\/nowa\/index.php\/2025\/11\/19\/zajecia-socjoterapeutyczne-w-klasach-4-8\/\">Fotorelacja z zaj\u0119\u0107<\/a>&nbsp;<\/span><\/li>\n<\/ul>\n<p>&nbsp;<\/p>\n<p>&nbsp;<\/p>\n<hr>\n<p><span style=\"color: #339966;\"><strong>IV. ORGANIZACJA PLENEROWEGO FESTYNU DLA SPO\u0141ECZNO\u015aCI SZKOLNEJ I LOKALNYCH MIESZKA\u0143C\u00d3W POD HAS\u0141EM &#8211; ,,XX FESTYN RODZINNY &#8211; \u017bYJEMY \u015aWIADOMIE, AKTYWNIE I BEZPIECZNIE&#8221;<\/strong><\/span><\/p>\n<p style=\"text-align: left;\"><span style=\"color: #000000;\">W dniu 20 wrze\u015bnia odby\u0142 si\u0119&nbsp; na Placu S\u0142onecznym naszej szko\u0142y XX Festyn Rodzinny- plenerowa impreza dla uczni\u00f3w, ich rodzic\u00f3w i mieszka\u0144c\u00f3w osiedla Podolszyce. W tym roku, r\u00f3\u017cnorodne aktywno\u015bci dla uczestnik\u00f3w, podporz\u0105dkowane by\u0142y budowaniu \u015bwiadomo\u015bci zagro\u017ce\u0144 i wsp\u00f3\u0142pracy na rzecz wsp\u00f3lnego bezpiecze\u0144stwa. Uczestnicy Festynu mieli mo\u017cliwo\u015b\u0107 pozna\u0107 zagro\u017cenia wsp\u00f3\u0142czesnego \u015bwiata czyhaj\u0105ce nie tylko w Internecie, ale tak\u017ce na szkolnych boiskach, placach zabaw czy w pobli\u017cu szko\u0142y. Mogli te\u017c porozmawia\u0107 z policjantem i stra\u017cakiem, wsi\u0105\u015b\u0107 do stra\u017cackiego i policyjnego wozu, a doro\u015bli mieszka\u0144cy osiedla mieli mo\u017cliwo\u015b\u0107 pozyskania informacji na tematy, kt\u00f3re ich intryguj\u0105 lub niepokoj\u0105. Uczestnicy festynu mogli sprawdzi\u0107 swoj\u0105 wiedz\u0119 dotycz\u0105c\u0105 u\u017cywek, ich wp\u0142ywu na zdrowie i \u017cycie, sposob\u00f3w radzenia sobie w sytuacji zagro\u017cenia a tak\u017ce uczyli si\u0119 asertywnych zachowa\u0144. Nagrod\u0105 za aktywny udzia\u0142 w zdobywaniu wiedzy i&nbsp; budowaniu \u015bwiadomo\u015bci zagro\u017ce\u0144 by\u0142a wsp\u00f3lna zabawa- k\u0105piel w pianie. Ta niespodzianka od organizator\u00f3w przynios\u0142a wiele rado\u015bci maluchom, m\u0142odzie\u017cy a nawet doros\u0142ym uczestnikom naszego Festynu.&nbsp;<\/span><\/p>\n<ul>\n<li><span style=\"color: #000000;\"><a style=\"color: #000000;\" href=\"https:\/\/sp22.pl\/nowa\/index.php\/2025\/09\/29\/festyn-rodzinny-dzien-pelen-radosci-i-niezapomnianych-wrazen\/\">Fotorelacja z wydarzenia<\/a><\/span><\/li>\n<\/ul>\n<hr>\n<p><strong><span style=\"color: #339966;\">V. DZIA\u0141ANIA ZMIERZAJ\u0104CE DO PODSUMOWANIA PROJEKTU I UTRWALENIA JEGO POZYTYWNYCH EFEKT\u00d3W<\/span><\/strong><\/p>\n<p>&nbsp;<\/p>\n<p>&nbsp;<\/p>\n","protected":false},"excerpt":{"rendered":"<p>&#46;&#46;&#46;<\/p>\n","protected":false},"author":4,"featured_media":0,"parent":0,"menu_order":0,"comment_status":"closed","ping_status":"closed","template":"","meta":{"ngg_post_thumbnail":0,"footnotes":""},"class_list":["post-12179","page","type-page","status-publish","hentry"],"_links":{"self":[{"href":"https:\/\/sp22.pl\/nowa\/index.php\/wp-json\/wp\/v2\/pages\/12179","targetHints":{"allow":["GET"]}}],"collection":[{"href":"https:\/\/sp22.pl\/nowa\/index.php\/wp-json\/wp\/v2\/pages"}],"about":[{"href":"https:\/\/sp22.pl\/nowa\/index.php\/wp-json\/wp\/v2\/types\/page"}],"author":[{"embeddable":true,"href":"https:\/\/sp22.pl\/nowa\/index.php\/wp-json\/wp\/v2\/users\/4"}],"replies":[{"embeddable":true,"href":"https:\/\/sp22.pl\/nowa\/index.php\/wp-json\/wp\/v2\/comments?post=12179"}],"version-history":[{"count":31,"href":"https:\/\/sp22.pl\/nowa\/index.php\/wp-json\/wp\/v2\/pages\/12179\/revisions"}],"predecessor-version":[{"id":12827,"href":"https:\/\/sp22.pl\/nowa\/index.php\/wp-json\/wp\/v2\/pages\/12179\/revisions\/12827"}],"wp:attachment":[{"href":"https:\/\/sp22.pl\/nowa\/index.php\/wp-json\/wp\/v2\/media?parent=12179"}],"curies":[{"name":"wp","href":"https:\/\/api.w.org\/{rel}","templated":true}]}}