{"id":1141,"date":"2022-06-18T19:35:19","date_gmt":"2022-06-18T17:35:19","guid":{"rendered":"http:\/\/pavelpa2.vot.pl\/?page_id=1141"},"modified":"2022-06-18T21:43:49","modified_gmt":"2022-06-18T19:43:49","slug":"szkola-pamieta","status":"publish","type":"page","link":"https:\/\/sp22.pl\/nowa\/index.php\/szkola-pamieta\/","title":{"rendered":"SZKO\u0141A PAMI\u0118TA"},"content":{"rendered":"<p><img loading=\"lazy\" decoding=\"async\" class=\"size-medium wp-image-781 aligncenter\" src=\"https:\/\/sp22.pl\/nowa\/wp-content\/uploads\/2022\/06\/szkola_pamieta_logo-1-300x114.jpg\" alt=\"Szko\u0142a pami\u0119ta - logo\" width=\"300\" height=\"114\" srcset=\"https:\/\/sp22.pl\/nowa\/wp-content\/uploads\/2022\/06\/szkola_pamieta_logo-1-300x114.jpg 300w, https:\/\/sp22.pl\/nowa\/wp-content\/uploads\/2022\/06\/szkola_pamieta_logo-1.jpg 320w\" sizes=\"auto, (max-width: 300px) 100vw, 300px\" \/><\/p>\n<h6 style=\"text-align: center;\"><strong>&#8222;Szko\u0142a Pami\u0119ta&#8221;<\/strong><\/h6>\n<h6 style=\"text-align: center;\"><strong> to kolejna edycja akcji MEN, w kt\u00f3rej nasza plac\u00f3wka bra\u0142a udzia\u0142<\/strong><\/h6>\n<p>&nbsp;<\/p>\n<p style=\"text-align: center;\"><strong><u>Zach\u0119camy do upami\u0119tnienia wa\u017cnych rocznic i wydarze\u0144 historycznych.<\/u><\/strong><\/p>\n<p style=\"text-align: center;\"><strong><u>Zwracamy uwag\u0119 na histori\u0119 ma\u0142ych Ojczyzn oraz pami\u0119\u0107 o lokalnych bohaterach.&nbsp;<\/u><\/strong><\/p>\n<p>&nbsp;<\/p>\n<p style=\"text-align: center;\"><a href=\"https:\/\/view.genial.ly\/5ecbc289b69f680d9a63e080\/presentation-plock-miasto-bohater\" target=\"_blank\" rel=\"noopener\"><strong>&#8222;P\u0142ock &#8211; miasto bohater &#8211; 1920 &#8211; 2020&#8221; &#8211; prezentacja<\/strong><\/a><\/p>\n<p style=\"text-align: center;\"><a href=\"https:\/\/view.genial.ly\/5ecd186adb9e4d0d9acf4f4c\/learning-experience-challenges-plock-miasto-bohater-quiz\" target=\"_blank\" rel=\"noopener\"><strong>Obrona P\u0142ocka 1920 &#8211; quiz<\/strong><\/a><\/p>\n<p style=\"text-align: center;\"><a href=\"https:\/\/www.youtube.com\/watch?v=-AyaDoMs0HA\" target=\"_blank\" rel=\"noopener\"><strong>&#8222;100 wyzwa\u0144 na stulecie obrony P\u0142ocka&#8221; &#8211; challenge. &#8222;Zalicz na dziesi\u0105tk\u0119&#8221; \/film\/<\/strong><\/a><\/p>\n<p style=\"text-align: center;\"><a href=\"https:\/\/online.fliphtml5.com\/eodxi\/xkey\/#p=1\" target=\"_blank\" rel=\"noopener\"><strong>Gazetka szkolna &#8222;Szatnia&#8221; &#8211; 100. rocznica obrony P\u0142ocka<\/strong><\/a><\/p>\n<p style=\"text-align: center;\"><strong><a href=\"http:\/\/public_html\/wp-content\/uploads\/Pliki\/Do_pobrania_static\/Tworzenie strony www\/Szko\u0142a pami\u0119ta\/nasze_miasto_P\u0142ock_konkurs_plastyczny_2020_21.ppsx\" target=\"_blank\" rel=\"noopener\">Konkurs plastyczny &#8222;Nasze miasto &#8211; P\u0142ock 1920&#8221;<\/a>&nbsp;<\/strong><\/p>\n<p style=\"text-align: center;\"><a href=\"https:\/\/drive.google.com\/file\/d\/13O1_XjDoLWTGDG31R4A_EegOoUZQlaZt\/view\" target=\"_blank\" rel=\"noopener\"><strong>Film &#8222;Selfie z A.M.&#8221; zrealizowany w ramach konkursu OEIiZK <\/strong><\/a><\/p>\n<p style=\"text-align: center;\"><a href=\"https:\/\/drive.google.com\/file\/d\/13O1_XjDoLWTGDG31R4A_EegOoUZQlaZt\/view\" target=\"_blank\" rel=\"noopener\"><strong>&#8222;Historie zapisane w obrazie&#8221; w 200. rocznic\u0119 utworzenia TNP<\/strong><\/a><\/p>\n<p>&nbsp;<\/p>\n<p style=\"text-align: center;\"><iframe loading=\"lazy\" src=\"https:\/\/www.youtube.com\/embed\/Dex1vURB7V4\" width=\"460\" height=\"215\" frameborder=\"0\" allowfullscreen=\"allowfullscreen\"><\/iframe>&nbsp;<\/p>\n<p style=\"text-align: center;\"><iframe loading=\"lazy\" src=\"https:\/\/www.youtube.com\/embed\/LwnxwQ4hVqg\" width=\"460\" height=\"215\" frameborder=\"0\" allowfullscreen=\"allowfullscreen\"><\/iframe><\/p>\n<p style=\"text-align: center;\"><iframe loading=\"lazy\" src=\"https:\/\/www.youtube.com\/embed\/M_MM2Wt-8fc\" width=\"460\" height=\"215\" frameborder=\"0\" allowfullscreen=\"allowfullscreen\"><\/iframe><\/p>\n","protected":false},"excerpt":{"rendered":"<p>&#46;&#46;&#46;<\/p>\n","protected":false},"author":1,"featured_media":0,"parent":0,"menu_order":0,"comment_status":"closed","ping_status":"closed","template":"","meta":{"ngg_post_thumbnail":0,"footnotes":""},"class_list":["post-1141","page","type-page","status-publish","hentry"],"_links":{"self":[{"href":"https:\/\/sp22.pl\/nowa\/index.php\/wp-json\/wp\/v2\/pages\/1141","targetHints":{"allow":["GET"]}}],"collection":[{"href":"https:\/\/sp22.pl\/nowa\/index.php\/wp-json\/wp\/v2\/pages"}],"about":[{"href":"https:\/\/sp22.pl\/nowa\/index.php\/wp-json\/wp\/v2\/types\/page"}],"author":[{"embeddable":true,"href":"https:\/\/sp22.pl\/nowa\/index.php\/wp-json\/wp\/v2\/users\/1"}],"replies":[{"embeddable":true,"href":"https:\/\/sp22.pl\/nowa\/index.php\/wp-json\/wp\/v2\/comments?post=1141"}],"version-history":[{"count":14,"href":"https:\/\/sp22.pl\/nowa\/index.php\/wp-json\/wp\/v2\/pages\/1141\/revisions"}],"predecessor-version":[{"id":1159,"href":"https:\/\/sp22.pl\/nowa\/index.php\/wp-json\/wp\/v2\/pages\/1141\/revisions\/1159"}],"wp:attachment":[{"href":"https:\/\/sp22.pl\/nowa\/index.php\/wp-json\/wp\/v2\/media?parent=1141"}],"curies":[{"name":"wp","href":"https:\/\/api.w.org\/{rel}","templated":true}]}}