{"id":1126,"date":"2022-06-18T18:39:18","date_gmt":"2022-06-18T16:39:18","guid":{"rendered":"http:\/\/pavelpa2.vot.pl\/?page_id=1126"},"modified":"2022-06-18T19:55:32","modified_gmt":"2022-06-18T17:55:32","slug":"rok-dla-niepodleglej","status":"publish","type":"page","link":"https:\/\/sp22.pl\/nowa\/index.php\/rok-dla-niepodleglej\/","title":{"rendered":"ROK DLA NIEPODLEG\u0141EJ"},"content":{"rendered":"<h4 style=\"text-align: center;\">ROK SZKOLNY 2017\/18<\/h4>\n<h4 style=\"text-align: center;\">OG\u0141OSZONY ZOSTA\u0141 PRZEZ MINISTERSTWO EDUKACJI NARODOWEJ<\/h4>\n<h4 style=\"text-align: center;\">&#8222;ROKIEM DLA NIEPODLEG\u0141EJ&#8221;<\/h4>\n<p><img loading=\"lazy\" decoding=\"async\" class=\"size-medium wp-image-806 aligncenter\" src=\"https:\/\/sp22.pl\/nowa\/wp-content\/uploads\/2022\/06\/22-300x170.png\" alt=\"Rok dla Niepodleg\u0142ej\" width=\"300\" height=\"170\" srcset=\"https:\/\/sp22.pl\/nowa\/wp-content\/uploads\/2022\/06\/22-300x170.png 300w, https:\/\/sp22.pl\/nowa\/wp-content\/uploads\/2022\/06\/22.png 338w\" sizes=\"auto, (max-width: 300px) 100vw, 300px\" \/><\/p>\n<p>&nbsp;<\/p>\n<p><center><strong><u>Przedsi\u0119wzi\u0119cia przeprowadzone w ramach programu<\/u><\/strong><\/center><\/p>\n<p style=\"text-align: center;\"><strong><u>w Szkole Podstawowej z Oddzia\u0142ami Integracyjnymi nr 22<\/u><\/strong><\/p>\n<p style=\"text-align: center;\"><strong><u>im. Janusza Korczaka w P\u0142ocku<\/u><\/strong><\/p>\n<p>&nbsp;<\/p>\n<p style=\"text-align: center;\"><a href=\"https:\/\/sp22.pl\/nowa\/wp-content\/uploads\/Pliki\/Do_pobrania_static\/Tworzenie%20strony%20www\/Medali%C5%9Bci%20SP22\/Rok%20dla%20Niepodleg%C5%82ej\/11_listopada_2017_18.pdf?_t=1655569311\" target=\"_blank\" rel=\"noopener\"><strong>N<\/strong><\/a><a href=\"https:\/\/sp22.pl\/nowa\/wp-content\/uploads\/Pliki\/Do_pobrania_static\/Tworzenie%20strony%20www\/Rok%20dla%20Niepodleg%C5%82ej\/11_listopada_2017_18.pdf?_t=1655569311\" target=\"_blank\" rel=\"noopener\"><strong>arodowe \u015awi\u0119to Odzyskania Niepodleg\u0142o\u015bci \/plik PDF\/<\/strong><\/a><\/p>\n<p style=\"text-align: center;\"><a href=\"https:\/\/sp22.pl\/nowa\/wp-content\/uploads\/Pliki\/Do_pobrania_static\/Tworzenie%20strony%20www\/Rok%20dla%20Niepodleg%C5%82ej\/niezwyk%C5%82y_czas_spotkanie_bozonarodzeniowe_3c_3e_2017_18.pdf?_t=1655569312\" target=\"_blank\" rel=\"noopener\"><strong>Narodowe Tradycje \u015awi\u0105teczne \/plik PDF\/<\/strong><\/a><\/p>\n<p style=\"text-align: center;\"><a href=\"https:\/\/sp22.pl\/nowa\/wp-content\/uploads\/Pliki\/Do_pobrania_static\/Tworzenie%20strony%20www\/Rok%20dla%20Niepodleg%C5%82ej\/kocham_cie_polsko_scenariusz_2017_18.pdf?_t=1655569312\" target=\"_blank\" rel=\"noopener\"><strong>Kocham Ci\u0119 Polsko &#8211; scenariusz uroczysto\u015bci \/plik <\/strong><strong>PDF\/<\/strong><\/a><\/p>\n<p style=\"text-align: center;\"><a href=\"https:\/\/sp22.pl\/nowa\/wp-content\/uploads\/Pliki\/Do_pobrania_static\/Tworzenie%20strony%20www\/Rok%20dla%20Niepodleg%C5%82ej\/kocham_cie_polsko_sprawozdanie_2017_18.pdf?_t=1655569312\" target=\"_blank\" rel=\"noopener\"><strong>Kocham Ci\u0119 Polsko &#8211; sprawozdanie \/plik PDF\/<\/strong><\/a><\/p>\n<p style=\"text-align: center;\"><a href=\"https:\/\/www.youtube.com\/embed\/AYfgt8X1Mic?rel=0&amp;ecver=2\" target=\"_blank\" rel=\"noopener\"><strong>Kocham Ci\u0119 Polsko &#8211; test wiedzy \/prezentacja\/<\/strong><\/a><\/p>\n<p style=\"text-align: center;\"><a href=\"https:\/\/sp22.pl\/nowa\/wp-content\/uploads\/Pliki\/Do_pobrania_static\/Tworzenie%20strony%20www\/Rok%20dla%20Niepodleg%C5%82ej\/droga_Polski_do_niepodleglosci_2017_18.pdf?_t=1655569312\" target=\"_blank\" rel=\"noopener\"><strong>Droga Polski do Niepodleg\u0142o\u015bci &#8211; konkurs \/plik PDF\/<\/strong><\/a><\/p>\n<p style=\"text-align: center;\"><a href=\"https:\/\/sp22.pl\/nowa\/wp-content\/uploads\/Pliki\/Do_pobrania_static\/Tworzenie%20strony%20www\/Rok%20dla%20Niepodleg%C5%82ej\/rok_dla_niepodleglej_projekt_4f_2017_18.pdf?_t=1655569312\" target=\"_blank\" rel=\"noopener\"><strong>100 rocznica odzyskania przez Polsk\u0119 niepodleg\u0142o\u015bci &#8211; projekt klasy 4f \/plik PDF\/<\/strong><\/a><\/p>\n<p style=\"text-align: center;\"><a href=\"https:\/\/sp22.pl\/nowa\/wp-content\/uploads\/Pliki\/Do_pobrania_static\/Tworzenie%20strony%20www\/Rok%20dla%20Niepodleg%C5%82ej\/konkurs_Polska_odzyskala_niepodleglosc_2017_18.pdf?_t=1655569312\" target=\"_blank\" rel=\"noopener\"><strong>Konkurs &#8222;Polska odzyska\u0142a niepodleg\u0142o\u015b\u0107 1918&#8221; \/plik PDF\/<\/strong><\/a><\/p>\n<p style=\"text-align: center;\"><a href=\"https:\/\/sp22.pl\/nowa\/wp-content\/uploads\/Pliki\/Do_pobrania_static\/Tworzenie%20strony%20www\/Rok%20dla%20Niepodleg%C5%82ej\/100_lat_niepodleglosci_w_edukacji_2017_18.pdf?_t=1655569312\" target=\"_blank\" rel=\"noopener\"><strong>100 lat niepodleg\u0142o\u015bci w edukacji \/plik PDF\/<\/strong><\/a><\/p>\n<p style=\"text-align: center;\"><a href=\"https:\/\/sp22.pl\/nowa\/wp-content\/uploads\/Pliki\/Do_pobrania_static\/Tworzenie%20strony%20www\/Rok%20dla%20Niepodleg%C5%82ej\/rok_dla_niepodleglej_co_w_polskiej_trawie_piszczy_2017_18.pdf?_t=1655569312\" target=\"_blank\" rel=\"noopener\"><strong>Co w polskiej trawie piszczy? \/plik PDF\/<\/strong><\/a><\/p>\n<p style=\"text-align: center;\"><a href=\"https:\/\/sp22.pl\/nowa\/wp-content\/uploads\/Pliki\/Do_pobrania_static\/Tworzenie%20strony%20www\/Rok%20dla%20Niepodleg%C5%82ej\/majowa_jutrzenka_koncert_2017_18.pdf?_t=1655569312\" target=\"_blank\" rel=\"noopener\"><strong>Majowa Jutrzenka &#8211; Historia Polski w Piosence \/plik PDF\/<\/strong><\/a><\/p>\n<p>&nbsp;<\/p>\n","protected":false},"excerpt":{"rendered":"<p>&#46;&#46;&#46;<\/p>\n","protected":false},"author":1,"featured_media":0,"parent":0,"menu_order":0,"comment_status":"closed","ping_status":"closed","template":"","meta":{"ngg_post_thumbnail":0,"footnotes":""},"class_list":["post-1126","page","type-page","status-publish","hentry"],"_links":{"self":[{"href":"https:\/\/sp22.pl\/nowa\/index.php\/wp-json\/wp\/v2\/pages\/1126","targetHints":{"allow":["GET"]}}],"collection":[{"href":"https:\/\/sp22.pl\/nowa\/index.php\/wp-json\/wp\/v2\/pages"}],"about":[{"href":"https:\/\/sp22.pl\/nowa\/index.php\/wp-json\/wp\/v2\/types\/page"}],"author":[{"embeddable":true,"href":"https:\/\/sp22.pl\/nowa\/index.php\/wp-json\/wp\/v2\/users\/1"}],"replies":[{"embeddable":true,"href":"https:\/\/sp22.pl\/nowa\/index.php\/wp-json\/wp\/v2\/comments?post=1126"}],"version-history":[{"count":13,"href":"https:\/\/sp22.pl\/nowa\/index.php\/wp-json\/wp\/v2\/pages\/1126\/revisions"}],"predecessor-version":[{"id":1145,"href":"https:\/\/sp22.pl\/nowa\/index.php\/wp-json\/wp\/v2\/pages\/1126\/revisions\/1145"}],"wp:attachment":[{"href":"https:\/\/sp22.pl\/nowa\/index.php\/wp-json\/wp\/v2\/media?parent=1126"}],"curies":[{"name":"wp","href":"https:\/\/api.w.org\/{rel}","templated":true}]}}